). What is the highest common factor of 5 and l?
5
Suppose -90 - 30 = -5*b - 5*y, b = -3*y + 16. Calculate the greatest common factor of 7 and b.
7
Let k = 144 + -67. Calculate the greatest common factor of 11 and k.
11
Let p(z) = -z**3 + 9*z**2 + 11*z + 2. Let i be p(10). Let a be 1*(18 + -2)/2. Calculate the greatest common factor of a and i.
4
Let d(h) = h + 0*h + 30 - 3. Suppose 4*k = -k. Let c be d(k). Calculate the highest common divisor of c and 18.
9
Suppose -f + 4*f = -21. Let t = f + 17. What is the highest common factor of 80 and t?
10
Let f be -3*(-3 - (-2 - -1)). Suppose 5*i - 80 + 20 = 0. Calculate the highest common divisor of i and f.
6
Suppose 3*x - 5*c - 26 = 18, -3*c - 44 = -4*x. Suppose 2*a = 5*t + 23, -3*a + 13 = -t - 54. Calculate the highest common factor of x and a.
8
Let n be (4/8)/((-2)/(-8)). Suppose 0 = -s + n*s - 6. Let f be (-94)/(-8) - s/(-24). Calculate the greatest common divisor of f and 30.
6
Let j(z) = z**3 + 7*z**2 + 6*z + 1. Suppose -4 = q + 1. Let t be j(q). What is the greatest common factor of 147 and t?
21
Let n = 19 + -12. Let q = -25 - -102. Calculate the greatest common factor of q and n.
7
Let x(f) = 3*f**2 - 40*f - 15. Let w be x(14). Calculate the greatest common factor of 143 and w.
13
Suppose -32 = 11*s - 318. Calculate the highest common divisor of s and 2.
2
Suppose 0 = 5*y - 4*y + 2, -70 = 5*s - 5*y. Let u be (-172)/s + (-2)/(-8). Let l be (-1 + 3)*u/2. What is the highest common divisor of 33 and l?
11
Suppose -4*w - w - 3*s + 75 = 0, 5*w + 5*s - 65 = 0. Let q = -8 + w. What is the highest common divisor of 20 and q?
10
Let g be (2 + -73)/(-1) + -1. Let v(p) be the first derivative of 2*p**3/3 - p**2 + 2*p - 1. Let u be v(3). Calculate the highest common divisor of u and g.
14
Suppose 5*s - 2*p - p = 112, 12 = s + 2*p. Calculate the greatest common divisor of 50 and s.
10
Suppose -5*y - 22 = -3*h, -5*h + 2*y = y - 44. Suppose 0 = -0*g + 12*g - 12. Calculate the highest common factor of h and g.
1
Let c = 28 - 22. Calculate the highest common factor of c and 30.
6
Let h = 184 - 85. Suppose 12*d - 27 = 9*d. Calculate the highest common divisor of h and d.
9
Suppose 2*z - 4*z + 70 = 0. Calculate the greatest common divisor of z and 7.
7
Let c = 6 - 4. Let t = 1 + 4. Calculate the greatest common divisor of c and t.
1
Suppose 5*l = -c - 4*c - 1640, -4*l + 3*c - 1312 = 0. Let b = l - -555. Let i = b - 84. What is the greatest common factor of 13 and i?
13
Let v(t) = 5*t + 5. Let o be v(9). Let u be 74/10 - 10/25. Let z = u + 3. Calculate the highest common divisor of o and z.
10
Let g(i) = i**2 + i - 2. Let q be 3*((-4)/3 - -2). Let b be g(q). What is the highest common factor of 4 and b?
4
Suppose i + 1 = v, -i = 4*v - 0*i + 11. Let u(x) = -40*x. Let z be u(v). What is the highest common factor of z and 10?
10
Let h be ((-6)/8)/(12/(-32)). Calculate the highest common divisor of 3 and h.
1
Let b(c) be the second derivative of -c**5/10 - c**4/4 + c**3/3 - c**2/2 - 2*c. Let a be b(-3). Calculate the greatest common divisor of 40 and a.
20
Let d = 1 + -3. Let r be -1 - (0 - -2) - -2. Let t be d - (-45 + r)/2. Calculate the greatest common factor of t and 3.
3
Suppose -132 = -5*c - 7*c. Let h(n) = -n**3 + 5*n**2 + 2*n - 2. Let s be h(4). What is the highest common divisor of c and s?
11
Suppose 4*k = b + k, 5*b - 76 = -4*k. Suppose -2*x + 16 = -b. Calculate the highest common divisor of 21 and x.
7
Let r be 84/(-1 - -8)*3. Suppose 2*i - 63 = -5*t, 5*i - 3*t - 108 = t. What is the highest common factor of r and i?
12
Let t = 25 - 17. Let r(b) be the third derivative of -b**6/120 + 7*b**5/60 + 11*b**4/24 - 4*b**2. Let v be r(8). What is the highest common divisor of v and t?
8
Let i = 8 - 5. Suppose 4*d = i*d + 4. What is the greatest common factor of 6 and d?
2
Let t be ((-3)/(-15))/((-2)/(-10)). Let i be ((-6)/9)/((-4)/354). Suppose i = 5*m + 4. What is the greatest common factor of t and m?
1
Suppose 2*u + 3*n - 89 = 0, -5*u + 4*n + 243 = 55. Suppose -2*h - 2*h = -u. Let p be (-722)/(-8) - (-2)/(-8). Calculate the highest common factor of h and p.
10
Suppose -1 = w - 5. Suppose -w*k = -h + 3, -2*h = -2*k - h - 1. Let u be (-23)/(-2) + k/(-2). What is the greatest common factor of u and 108?
12
Let v = -37 - -39. Let h be 1 + (1 - (1 - 1)). Suppose -h = -4*p + v. What is the highest common divisor of p and 5?
1
Suppose -12 = -m + 3*m. Let t = m - -27. Calculate the highest common divisor of 168 and t.
21
Suppose 5*s - 280 = w, -s + 6*w - 9*w = -56. Calculate the greatest common divisor of 7 and s.
7
Let w be 1*(4 - -1)*3. Calculate the highest common divisor of 6 and w.
3
Let w(y) = y**2 + 5*y + 11. Let f be w(-5). Calculate the greatest common divisor of 55 and f.
11
Let q(a) = -a**2 - 15*a + 8. Let d be q(-8). Calculate the greatest common factor of 160 and d.
32
Suppose -30 = -2*a - a - 3*z, -2*a - 3*z = -23. What is the greatest common divisor of a and 7?
7
Suppose -h = 1 - 4. Let z be ((-5)/(-2) + -1)*4. What is the greatest common divisor of z and h?
3
Let l = -5 + 16. Suppose 0 = -k + l + 7. What is the greatest common divisor of 162 and k?
18
Let u(y) = 2*y**3 - 2*y**2 + y - 2. Let g be u(2). Let t(o) = 3 + 6*o - 5 - 6*o + 4*o. Let d be t(g). What is the greatest common divisor of 10 and d?
10
Suppose 334 = 4*r - 18. Let z(a) = 25*a. Let q be z(1). Suppose 4*o = n + 49, q = -6*n + n. What is the greatest common factor of r and o?
11
Suppose -5*z - 7 = 28. Let f = z - -12. What is the highest common divisor of 20 and f?
5
Let v(f) = f**3 + 10*f**2 - f - 1. Let z be v(-10). What is the highest common divisor of 99 and z?
9
Let j(a) = 4*a**2 + 3*a - 2. Let k be j(2). What is the greatest common divisor of k and 40?
20
Let g(q) = -6*q**3 + 2*q**2 + 4*q + 3. Let u be g(-3). What is the highest common divisor of 9 and u?
9
Let z be ((-1)/3)/(1/(-21)). Let v = z - -5. Let t = 22 - v. Calculate the greatest common divisor of 90 and t.
10
Suppose -s + 81 = v - 0*s, -4*s - 12 = 0. Suppose -28 = -2*u - 4. What is the highest common divisor of u and v?
12
Let x = -190 + 212. Calculate the greatest common factor of x and 2.
2
Let r(w) = 16*w**2 - w + 1. Let v be r(1). Let i be (-2)/((-17)/8 + 2). Calculate the greatest common divisor of v and i.
16
Suppose c + 3*c + 4 = 0. Let y = 1 - c. Calculate the greatest common factor of y and 2.
2
Let s be (-542)/(-14) - 10/(-35). What is the highest common factor of 26 and s?
13
Let w(g) = 38*g**2 + 6*g - 8. Let d be w(2). Calculate the greatest common factor of 13 and d.
13
Suppose -17 = -3*w + j, 4 - 12 = -2*w - j. Suppose -107 = -2*c + r - 2*r, 3*c - 3*r - 174 = 0. What is the highest common factor of c and w?
5
Let z(c) = -2*c + 5. Let s = 10 - 15. Let h be z(s). What is the greatest common divisor of 6 and h?
3
Suppose 2*f = 1 + 9. Suppose -94 - 6 = -f*q. What is the greatest common divisor of 140 and q?
20
Let a(d) = d**3 - 4*d**2 + 4*d - 4. Suppose 2*s - 8 = 5*k, 2*k + 5 = 3*s - 7. Let c be a(s). Let z = 8 - 5. What is the highest common divisor of z and c?
3
Let s = 44 - 33. What is the greatest common factor of s and 22?
11
Suppose 3*o - 8 = 4. Suppose o*g = -4*l + 100, 0 = 2*g - 2*l - 46 - 20. What is the highest common divisor of g and 145?
29
Let m = 4 + -3. Let s be (-1 + 2)/(m/(-5)). Let o(l) = l + 10. Let k be o(s). Calculate the highest common factor of 15 and k.
5
Suppose o = 1 + 11. Calculate the highest common factor of 6 and o.
6
Let i be 2 + 63/1 + -2. Let o be 189/18 - (-6)/(-4). What is the greatest common factor of i and o?
9
Let t(n) = 6*n**2 - 50*n - 12. Let r be t(9). Let i(k) = 14*k + 4. Let a be i(4). What is the greatest common factor of a and r?
12
Let q(p) = p**2 - 3*p - 9. Let s be q(-4). Calculate the greatest common divisor of 38 and s.
19
Let q be 5 + 4/((-6)/3). Let c be (3 - 2)/(q/42). Calculate the highest common divisor of c and 7.
7
Let r be (-4 - 0)*(-6)/(-8). Let z be (-2 + 1)/(r/57). Calculate the greatest common factor of z and 152.
19
Let j(g) = -g**3 - 4*g**2 + 3*g - 5. Let x = -20 + 14. Let m be j(x). Let q = -33 + m. What is the greatest common divisor of q and 16?
16
Let z(k) = k + 20. Let n be z(10). What is the highest common factor of n and 45?
15
Let w(s) = -3*s - 1. Let r(l) = -l**3 + 5*l**2 + 6*l - 5. 